 369.
41
What is the greatest common divisor of 9710 and 10?
10
What is the highest common divisor of 6886 and 22?
22
Calculate the highest common divisor of 2068 and 1504.
188
Calculate the highest common divisor of 9 and 654.
3
Calculate the highest common divisor of 1131 and 87.
87
Calculate the highest common divisor of 243 and 15.
3
Calculate the greatest common divisor of 867 and 340.
17
Calculate the highest common factor of 477 and 9.
9
Calculate the highest common factor of 2 and 74.
2
What is the greatest common factor of 5736 and 48?
24
Calculate the greatest common factor of 703 and 74.
37
Calculate the greatest common divisor of 1456 and 299.
13
Calculate the highest common divisor of 185 and 4921.
37
What is the highest common divisor of 639 and 4970?
71
Calculate the greatest common divisor of 356 and 89.
89
What is the highest common factor of 26 and 4706?
26
What is the greatest common factor of 20 and 1060?
20
What is the greatest common factor of 8540 and 112?
28
What is the greatest common factor of 154 and 140?
14
What is the greatest common factor of 4901 and 58?
29
Calculate the greatest common factor of 18 and 1146.
6
What is the highest common factor of 1391 and 642?
107
Calculate the greatest common factor of 155 and 5.
5
What is the greatest common factor of 72 and 38484?
36
Calculate the highest common factor of 4470 and 60.
30
Calculate the highest common divisor of 12667 and 478.
239
What is the highest common divisor of 451 and 220?
11
What is the highest common divisor of 630 and 30?
30
What is the highest common divisor of 8 and 2504?
8
Calculate the highest common divisor of 35 and 40.
5
What is the greatest common divisor of 192 and 6?
6
Calculate the greatest common divisor of 6 and 3351.
3
What is the greatest common factor of 62 and 46?
2
What is the greatest common factor of 184 and 22816?
184
Calculate the highest common divisor of 1830 and 135.
15
Calculate the highest common factor of 8 and 104.
8
Calculate the highest common factor of 5 and 29.
1
What is the highest common divisor of 2015 and 65?
65
What is the greatest common factor of 44288 and 128?
128
What is the highest common divisor of 72 and 384?
24
Calculate the greatest common divisor of 104 and 16.
8
Calculate the highest common factor of 255 and 17.
17
What is the highest common divisor of 2891 and 236?
59
What is the highest common factor of 8550 and 10?
10
Calculate the highest common divisor of 2 and 52.
2
What is the highest common divisor of 294 and 126?
42
What is the highest common divisor of 161 and 28?
7
Calculate the highest common factor of 482 and 10363.
241
Calculate the highest common factor of 3696 and 154.
154
What is the highest common divisor of 32 and 172?
4
What is the highest common factor of 5265 and 162?
81
Calculate the highest common factor of 182 and 494.
26
Calculate the greatest common divisor of 8220 and 60.
60
Calculate the greatest common divisor of 1248 and 234.
78
What is the highest common factor of 24 and 5416?
8
Calculate the highest common divisor of 288 and 234.
18
What is the highest common divisor of 2 and 22?
2
Calculate the greatest common factor of 5 and 185.
5
Calculate the highest common factor of 300 and 45.
15
Calculate the highest common divisor of 156 and 182.
26
Calculate the greatest common factor of 1 and 109.
1
What is the highest common factor of 2610 and 270?
90
What is the greatest common divisor of 1 and 39?
1
Calculate the greatest common divisor of 276 and 345.
69
Calculate the greatest common divisor of 9641 and 93.
31
What is the greatest common factor of 17 and 170?
17
Calculate the highest common factor of 147 and 84.
21
Calculate the highest common factor of 729 and 18.
9
Calculate the greatest common divisor of 13 and 2847.
13
Calculate the highest common factor of 24 and 132.
12
Calculate the highest common divisor of 88 and 473.
11
What is the highest common divisor of 363 and 11?
11
What is the greatest common factor of 2033 and 38?
19
What is the highest common factor of 160 and 2584?
8
What is the greatest common factor of 11 and 803?
11
What is the highest common factor of 36 and 828?
36
Calculate the greatest common factor of 372 and 12.
12
Calculate the highest common factor of 1617 and 147.
147
Calculate the greatest common factor of 299 and 481.
13
Calculate the highest common divisor of 1465 and 12306.
293
What is the greatest common divisor of 142 and 923?
71
Calculate the greatest common factor of 6112 and 48.
16
What is the highest common factor of 3228 and 84?
12
Calculate the highest common factor of 56 and 182.
14
Calculate the greatest common factor of 10 and 710.
10
What is the highest common factor of 6 and 65082?
6
Calculate the highest common factor of 451 and 41.
41
Calculate the highest common factor of 12159 and 189.
63
What is the highest common factor of 690 and 60?
30
Calculate the highest common divisor of 1337 and 14.
7
What is the highest common divisor of 927 and 27?
9
What is the highest common factor of 540 and 132?
12
Calculate the greatest common factor of 294 and 168.
42
Calculate the greatest common factor of 92 and 943.
23
What is the greatest common factor of 26 and 234?
26
Calculate the greatest common factor of 64 and 2272.
32
Calculate the highest common factor of 79324 and 28.
28
Calculate the highest common divisor of 42 and 6.
6
Calculate the greatest common divisor of 65 and 611.
13
What is the highest common factor of 20915 and 3115?
445
Calculate the greatest common divisor of 230 and 621.
23
What is the highest common divisor of 243 and 3?
3
What is the highest common factor of 245 and 35?
35
Calculate the greatest common factor of 2680 and 1139.
67
Calculate the highest common divisor of 110 and 90.
10
What is the highest common divisor of 38 and 19?
19
What is the greatest common factor of 5 and 15?
5
Calculate the highest common factor of 525 and 21.
21
Calculate the highest common divisor of 36 and 288.
36
Calculate the greatest common divisor of 190 and 20.
10
Calculate the highest common divisor of 171 and 7239.
57
Calculate the highest common factor of 14 and 126.
14
What is the highest common factor of 518 and 28?
14
What is the highest common factor of 4 and 6?
2
Calculate the highest common divisor of 120 and 192.
24
What is the greatest common divisor of 117 and 403?
13
Calculate the greatest common divisor of 61189 and 43.
43
Calculate the greatest common factor of 153 and 1785.
51
Calculate the greatest common divisor of 186 and 682.
62
Calculate the highest common factor of 50 and 8680.
10
What is the highest common divisor of 354 and 12?
6
What is the highest common divisor of 30 and 300?
30
Calculate the highest common factor of 5452 and 376.
188
Calculate the greatest common factor of 2048 and 128.
128
What is the greatest common factor of 130 and 182?
26
Calculate the greatest common factor of 247 and 26.
13
What is the greatest common factor of 194 and 1358?
194
What is the highest common divisor of 25 and 250?
25
What is the greatest common factor of 429 and 13?
13
Calculate the greatest common factor of 352 and 264.
88
Calculate the greatest common factor of 225 and 975.
75
Calculate the greatest common divisor of 63 and 99.
9
Calculate the highest common factor of 248 and 24.
8
What is the greatest common divisor of 405 and 555?
15
Calculate the highest common divisor of 60 and 11460.
60
What is the highest common factor of 69909 and 21?
21
Calculate the highest common divisor of 2826 and 18.
18
Calculate the highest common divisor of 357 and 476.
119
What is the greatest common divisor of 8155 and 35?
35
What is the greatest common divisor of 345 and 920?
115
What is the greatest common factor of 15 and 1635?
15
What is the greatest common divisor of 1358 and 14?
14
Calculate the highest common factor of 18 and 5526.
18
What is the greatest common factor of 247 and 104?
13
What is the highest common factor of 2 and 10334?
2
Calculate the highest common divisor of 253 and 207.
23
What is the highest common factor of 60 and 7068?
12
Calculate the greatest common factor of 21 and 231.
21
What is the highest common divisor of 47 and 1?
1
What is the greatest common divisor of 128 and 1856?
64
What is th